{"id":111,"date":"2019-03-12T22:24:37","date_gmt":"2019-03-12T22:24:37","guid":{"rendered":"http:\/\/themes.thememasters.club\/tessera\/?page_id=111"},"modified":"2026-03-01T16:26:39","modified_gmt":"2026-03-01T16:26:39","slug":"all-articles","status":"publish","type":"page","link":"https:\/\/upmlm.com\/help_tr_tr\/all-articles\/","title":{"rendered":"T\u00fcm Bilgi Bankas\u0131 Makaleleri"},"content":{"rendered":"","protected":false},"excerpt":{"rendered":"","protected":false},"author":1,"featured_media":0,"parent":0,"menu_order":0,"comment_status":"closed","ping_status":"closed","template":"page_template_3.php","meta":{"_acf_changed":false,"_bbp_topic_count":0,"_bbp_reply_count":0,"_bbp_total_topic_count":0,"_bbp_total_reply_count":0,"_bbp_voice_count":0,"_bbp_anonymous_reply_count":0,"_bbp_topic_count_hidden":0,"_bbp_reply_count_hidden":0,"_bbp_forum_subforum_count":0,"tessera_post_format_link":"","footnotes":""},"class_list":["post-111","page","type-page","status-publish","hentry"],"acf":[],"yoast_head":"<!-- This site is optimized with the Yoast SEO plugin v27.3 - https:\/\/yoast.com\/product\/yoast-seo-wordpress\/ -->\n<title>T\u00fcm Bilgi Bankas\u0131 Makaleleri - UpMLM Yard\u0131m<\/title>\n<meta name=\"robots\" content=\"index, follow, max-snippet:-1, max-image-preview:large, max-video-preview:-1\" \/>\n<link rel=\"canonical\" href=\"https:\/\/upmlm.com\/help_tr_tr\/all-articles\/\" \/>\n<meta property=\"og:locale\" content=\"en_US\" \/>\n<meta property=\"og:type\" content=\"article\" \/>\n<meta property=\"og:title\" content=\"T\u00fcm Bilgi Bankas\u0131 Makaleleri - UpMLM Yard\u0131m\" \/>\n<meta property=\"og:url\" content=\"https:\/\/upmlm.com\/help_tr_tr\/all-articles\/\" \/>\n<meta property=\"og:site_name\" content=\"UpMLM Yard\u0131m\" \/>\n<meta property=\"article:modified_time\" content=\"2026-03-01T16:26:39+00:00\" \/>\n<meta name=\"twitter:card\" content=\"summary_large_image\" \/>\n<script type=\"application\/ld+json\" class=\"yoast-schema-graph\">{\"@context\":\"https:\\\/\\\/schema.org\",\"@graph\":[{\"@type\":\"WebPage\",\"@id\":\"https:\\\/\\\/upmlm.com\\\/help_tr_tr\\\/all-articles\\\/\",\"url\":\"https:\\\/\\\/upmlm.com\\\/help_tr_tr\\\/all-articles\\\/\",\"name\":\"T\u00fcm Bilgi Bankas\u0131 Makaleleri - UpMLM Yard\u0131m\",\"isPartOf\":{\"@id\":\"https:\\\/\\\/upmlm.com\\\/help_tr_tr\\\/#website\"},\"datePublished\":\"2019-03-12T22:24:37+00:00\",\"dateModified\":\"2026-03-01T16:26:39+00:00\",\"breadcrumb\":{\"@id\":\"https:\\\/\\\/upmlm.com\\\/help_tr_tr\\\/all-articles\\\/#breadcrumb\"},\"inLanguage\":\"en-US\",\"potentialAction\":[{\"@type\":\"ReadAction\",\"target\":[\"https:\\\/\\\/upmlm.com\\\/help_tr_tr\\\/all-articles\\\/\"]}]},{\"@type\":\"BreadcrumbList\",\"@id\":\"https:\\\/\\\/upmlm.com\\\/help_tr_tr\\\/all-articles\\\/#breadcrumb\",\"itemListElement\":[{\"@type\":\"ListItem\",\"position\":1,\"name\":\"Home\",\"item\":\"https:\\\/\\\/upmlm.com\\\/help_tr_tr\\\/\"},{\"@type\":\"ListItem\",\"position\":2,\"name\":\"T\u00fcm Bilgi Bankas\u0131 Makaleleri\"}]},{\"@type\":\"WebSite\",\"@id\":\"https:\\\/\\\/upmlm.com\\\/help_tr_tr\\\/#website\",\"url\":\"https:\\\/\\\/upmlm.com\\\/help_tr_tr\\\/\",\"name\":\"UpMLM Yard\u0131m\",\"description\":\"UpMLM platformu bilgi bankas\u0131 ve destek merkezi\",\"publisher\":{\"@id\":\"https:\\\/\\\/upmlm.com\\\/help_tr_tr\\\/#organization\"},\"potentialAction\":[{\"@type\":\"SearchAction\",\"target\":{\"@type\":\"EntryPoint\",\"urlTemplate\":\"https:\\\/\\\/upmlm.com\\\/help_tr_tr\\\/?s={search_term_string}\"},\"query-input\":{\"@type\":\"PropertyValueSpecification\",\"valueRequired\":true,\"valueName\":\"search_term_string\"}}],\"inLanguage\":\"en-US\"},{\"@type\":\"Organization\",\"@id\":\"https:\\\/\\\/upmlm.com\\\/help_tr_tr\\\/#organization\",\"name\":\"UpMLM Yard\u0131m\",\"url\":\"https:\\\/\\\/upmlm.com\\\/help_tr_tr\\\/\",\"logo\":{\"@type\":\"ImageObject\",\"inLanguage\":\"en-US\",\"@id\":\"https:\\\/\\\/upmlm.com\\\/help_tr_tr\\\/#\\\/schema\\\/logo\\\/image\\\/\",\"url\":\"\",\"contentUrl\":\"\",\"caption\":\"UpMLM Yard\u0131m\"},\"image\":{\"@id\":\"https:\\\/\\\/upmlm.com\\\/help_tr_tr\\\/#\\\/schema\\\/logo\\\/image\\\/\"}}]}<\/script>\n<!-- \/ Yoast SEO plugin. -->","yoast_head_json":{"title":"T\u00fcm Bilgi Bankas\u0131 Makaleleri - UpMLM Yard\u0131m","robots":{"index":"index","follow":"follow","max-snippet":"max-snippet:-1","max-image-preview":"max-image-preview:large","max-video-preview":"max-video-preview:-1"},"canonical":"https:\/\/upmlm.com\/help_tr_tr\/all-articles\/","og_locale":"en_US","og_type":"article","og_title":"T\u00fcm Bilgi Bankas\u0131 Makaleleri - UpMLM Yard\u0131m","og_url":"https:\/\/upmlm.com\/help_tr_tr\/all-articles\/","og_site_name":"UpMLM Yard\u0131m","article_modified_time":"2026-03-01T16:26:39+00:00","twitter_card":"summary_large_image","schema":{"@context":"https:\/\/schema.org","@graph":[{"@type":"WebPage","@id":"https:\/\/upmlm.com\/help_tr_tr\/all-articles\/","url":"https:\/\/upmlm.com\/help_tr_tr\/all-articles\/","name":"T\u00fcm Bilgi Bankas\u0131 Makaleleri - UpMLM Yard\u0131m","isPartOf":{"@id":"https:\/\/upmlm.com\/help_tr_tr\/#website"},"datePublished":"2019-03-12T22:24:37+00:00","dateModified":"2026-03-01T16:26:39+00:00","breadcrumb":{"@id":"https:\/\/upmlm.com\/help_tr_tr\/all-articles\/#breadcrumb"},"inLanguage":"en-US","potentialAction":[{"@type":"ReadAction","target":["https:\/\/upmlm.com\/help_tr_tr\/all-articles\/"]}]},{"@type":"BreadcrumbList","@id":"https:\/\/upmlm.com\/help_tr_tr\/all-articles\/#breadcrumb","itemListElement":[{"@type":"ListItem","position":1,"name":"Home","item":"https:\/\/upmlm.com\/help_tr_tr\/"},{"@type":"ListItem","position":2,"name":"T\u00fcm Bilgi Bankas\u0131 Makaleleri"}]},{"@type":"WebSite","@id":"https:\/\/upmlm.com\/help_tr_tr\/#website","url":"https:\/\/upmlm.com\/help_tr_tr\/","name":"UpMLM Yard\u0131m","description":"UpMLM platformu bilgi bankas\u0131 ve destek merkezi","publisher":{"@id":"https:\/\/upmlm.com\/help_tr_tr\/#organization"},"potentialAction":[{"@type":"SearchAction","target":{"@type":"EntryPoint","urlTemplate":"https:\/\/upmlm.com\/help_tr_tr\/?s={search_term_string}"},"query-input":{"@type":"PropertyValueSpecification","valueRequired":true,"valueName":"search_term_string"}}],"inLanguage":"en-US"},{"@type":"Organization","@id":"https:\/\/upmlm.com\/help_tr_tr\/#organization","name":"UpMLM Yard\u0131m","url":"https:\/\/upmlm.com\/help_tr_tr\/","logo":{"@type":"ImageObject","inLanguage":"en-US","@id":"https:\/\/upmlm.com\/help_tr_tr\/#\/schema\/logo\/image\/","url":"","contentUrl":"","caption":"UpMLM Yard\u0131m"},"image":{"@id":"https:\/\/upmlm.com\/help_tr_tr\/#\/schema\/logo\/image\/"}}]}},"_links":{"self":[{"href":"https:\/\/upmlm.com\/help_tr_tr\/wp-json\/wp\/v2\/pages\/111","targetHints":{"allow":["GET"]}}],"collection":[{"href":"https:\/\/upmlm.com\/help_tr_tr\/wp-json\/wp\/v2\/pages"}],"about":[{"href":"https:\/\/upmlm.com\/help_tr_tr\/wp-json\/wp\/v2\/types\/page"}],"author":[{"embeddable":true,"href":"https:\/\/upmlm.com\/help_tr_tr\/wp-json\/wp\/v2\/users\/1"}],"replies":[{"embeddable":true,"href":"https:\/\/upmlm.com\/help_tr_tr\/wp-json\/wp\/v2\/comments?post=111"}],"version-history":[{"count":1,"href":"https:\/\/upmlm.com\/help_tr_tr\/wp-json\/wp\/v2\/pages\/111\/revisions"}],"predecessor-version":[{"id":1003,"href":"https:\/\/upmlm.com\/help_tr_tr\/wp-json\/wp\/v2\/pages\/111\/revisions\/1003"}],"wp:attachment":[{"href":"https:\/\/upmlm.com\/help_tr_tr\/wp-json\/wp\/v2\/media?parent=111"}],"curies":[{"name":"wp","href":"https:\/\/api.w.org\/{rel}","templated":true}]}}